{"id":4074,"date":"2023-06-07T16:34:59","date_gmt":"2023-06-07T16:34:59","guid":{"rendered":"https:\/\/www.viveroecores.cl\/?post_type=product&#038;p=4074"},"modified":"2023-06-07T16:35:00","modified_gmt":"2023-06-07T16:35:00","slug":"la-vida-secreta-de-los-arboles","status":"publish","type":"product","link":"https:\/\/www.viveroecores.cl\/?product=la-vida-secreta-de-los-arboles","title":{"rendered":"LA VIDA SECRETA DE LOS ARBOLES"},"content":{"rendered":"<p>EDITORIAL: OBELISCO<br \/>\nEAN: 9788491110835<br \/>\nCOLECCI\u00d3N: ESPIRITUALIDAD METAFISICA VIDA INTERIOR<br \/>\nIDIOMA:\tCASTELLANO<\/p>\n<p>En los bosques suceden cosas sorprendentes: \u00e1rboles que se comunican entre s\u00ed, \u00e1rboles que aman y cuidan a sus hijos y a sus viejos y enfermos vecinos; \u00e1rboles sensibles, con emociones, con recuerdos&#8230; \u00edIncre\u00edble, pero cierto!<\/p>\n<p>Peter Wohlleben, guarda forestal y amante de la naturaleza, nos narra en este libro fascinantes historias sobre las insospechadas y extraordinarias habilidades de los \u00e1rboles. Asimismo re\u00fane por una parte los \u00faltimos descubrimientos cient\u00edficos sobre el tema, y por otra sus propias experiencias vividas en los bosques; y con todo ello nos ofrece un emocionante punto de vista, una manera de conocer mejor a unos seres vivos con los que creemos estar familiarizados pero de los que desconocemos su capacidad de comunicaci\u00f3n, su espiritualidad. Descubramos, gracias a este libro, un mundo totalmente nuevo\u00e0<\/p>\n","protected":false},"excerpt":{"rendered":"<p>EDITORIAL: OBELISCO EAN: 9788491110835 COLECCI\u00d3N: ESPIRITUALIDAD METAFISICA VIDA INTERIOR IDIOMA: CASTELLANO En los bosques suceden cosas sorprendentes: \u00e1rboles que se comunican entre s\u00ed, \u00e1rboles que aman y cuidan a sus hijos y a sus viejos y enfermos vecinos; \u00e1rboles sensibles, con emociones, con recuerdos&#8230; \u00edIncre\u00edble, pero cierto! Peter Wohlleben, guarda forestal y amante de la &hellip;<\/p>\n<p class=\"read-more\"> <a class=\"\" href=\"https:\/\/www.viveroecores.cl\/?product=la-vida-secreta-de-los-arboles\"> <span class=\"screen-reader-text\">LA VIDA SECRETA DE LOS ARBOLES<\/span> Leer m\u00e1s &raquo;<\/a><\/p>\n","protected":false},"featured_media":4075,"comment_status":"open","ping_status":"closed","template":"","meta":{"inline_featured_image":false,"_monsterinsights_skip_tracking":false,"_monsterinsights_sitenote_active":false,"_monsterinsights_sitenote_note":"","_monsterinsights_sitenote_category":0,"site-sidebar-layout":"default","site-content-layout":"default","ast-global-header-display":"","ast-main-header-display":"","ast-hfb-above-header-display":"","ast-hfb-below-header-display":"","ast-hfb-mobile-header-display":"","site-post-title":"","ast-breadcrumbs-content":"","ast-featured-img":"","footer-sml-layout":"","theme-transparent-header-meta":"default","adv-header-id-meta":"","stick-header-meta":"","header-above-stick-meta":"","header-main-stick-meta":"","header-below-stick-meta":""},"product_cat":[37,40,34],"product_tag":[],"class_list":{"0":"post-4074","1":"product","2":"type-product","3":"status-publish","4":"has-post-thumbnail","6":"product_cat-ecologia","7":"product_cat-flora-y-fauna","8":"product_cat-libros","9":"desktop-align-left","10":"tablet-align-left","11":"mobile-align-left","13":"first","14":"instock","15":"shipping-taxable","16":"purchasable","17":"product-type-simple"},"_links":{"self":[{"href":"https:\/\/www.viveroecores.cl\/index.php?rest_route=\/wp\/v2\/product\/4074","targetHints":{"allow":["GET"]}}],"collection":[{"href":"https:\/\/www.viveroecores.cl\/index.php?rest_route=\/wp\/v2\/product"}],"about":[{"href":"https:\/\/www.viveroecores.cl\/index.php?rest_route=\/wp\/v2\/types\/product"}],"replies":[{"embeddable":true,"href":"https:\/\/www.viveroecores.cl\/index.php?rest_route=%2Fwp%2Fv2%2Fcomments&post=4074"}],"wp:featuredmedia":[{"embeddable":true,"href":"https:\/\/www.viveroecores.cl\/index.php?rest_route=\/wp\/v2\/media\/4075"}],"wp:attachment":[{"href":"https:\/\/www.viveroecores.cl\/index.php?rest_route=%2Fwp%2Fv2%2Fmedia&parent=4074"}],"wp:term":[{"taxonomy":"product_cat","embeddable":true,"href":"https:\/\/www.viveroecores.cl\/index.php?rest_route=%2Fwp%2Fv2%2Fproduct_cat&post=4074"},{"taxonomy":"product_tag","embeddable":true,"href":"https:\/\/www.viveroecores.cl\/index.php?rest_route=%2Fwp%2Fv2%2Fproduct_tag&post=4074"}],"curies":[{"name":"wp","href":"https:\/\/api.w.org\/{rel}","templated":true}]}}

<p>EDITORIAL: OBELISCO<br />
EAN: 9788491110835<br />
COLECCIÓN: ESPIRITUALIDAD METAFISICA VIDA INTERIOR<br />
IDIOMA:	CASTELLANO</p>
<p>En los bosques suceden cosas sorprendentes: árboles que se comunican entre sí, árboles que aman y cuidan a sus hijos y a sus viejos y enfermos vecinos; árboles sensibles, con emociones, con recuerdos&#8230; íIncreíble, pero cierto!</p>
<p>Peter Wohlleben, guarda forestal y amante de la naturaleza, nos narra en este libro fascinantes historias sobre las insospechadas y extraordinarias habilidades de los árboles. Asimismo reúne por una parte los últimos descubrimientos científicos sobre el tema, y por otra sus propias experiencias vividas en los bosques; y con todo ello nos ofrece un emocionante punto de vista, una manera de conocer mejor a unos seres vivos con los que creemos estar familiarizados pero de los que desconocemos su capacidad de comunicación, su espiritualidad. Descubramos, gracias a este libro, un mundo totalmente nuevoà</p>

<p>EDITORIAL: OBELISCO EAN: 9788491110835 COLECCIÓN: ESPIRITUALIDAD METAFISICA VIDA INTERIOR IDIOMA: CASTELLANO En los bosques suceden cosas sorprendentes: árboles que se comunican entre sí, árboles que aman y cuidan a sus hijos y a sus viejos y enfermos vecinos; árboles sensibles, con emociones, con recuerdos&#8230; íIncreíble, pero cierto! Peter Wohlleben, guarda forestal y amante de la &hellip;</p>
<p class="read-more"> <a class="" href="https://www.viveroecores.cl/?product=la-vida-secreta-de-los-arboles"> <span class="screen-reader-text">LA VIDA SECRETA DE LOS ARBOLES</span> Leer más &raquo;</a></p>
