{"id":4730,"date":"2023-06-28T10:58:13","date_gmt":"2023-06-28T10:58:13","guid":{"rendered":"https:\/\/www.viveroecores.cl\/?post_type=product&#038;p=4730"},"modified":"2024-06-18T16:41:46","modified_gmt":"2024-06-18T20:41:46","slug":"charles-darwin-y-el-origen-de-las-especies","status":"publish","type":"product","link":"https:\/\/www.viveroecores.cl\/?product=charles-darwin-y-el-origen-de-las-especies","title":{"rendered":"Charles Darwin y el origen de las especies"},"content":{"rendered":"","protected":false},"excerpt":{"rendered":"<p class=\"itemtxtptit\"><b>Anna Brett, Nick Hayes<\/b><\/p>\n<p class=\"itemtxtptit\"><a href=\"https:\/\/www.editorialastronave.com\/mosaico\/es\/astronave\/805-a-partir-de-8-anos\/\">\u00a0A partir de 8 a\u00f1os<\/a><\/p>\n<h2>Este libro te ayudar\u00e1 a conocer la figura de Charles Darwin y su teor\u00eda de la evoluci\u00f3n de las especies<\/h2>\n<p>\u00abLa conformaci\u00f3n de cada parte de una especie [&#8230;] es la suma de muchos cambios heredados\u00bb. \u2014Charles Darwin<\/p>\n<p>Descubre c\u00f3mo Darwin cambi\u00f3 para siempre nuestro concepto de la especie humana, y de nuestro lugar en el reino animal, con su revolucionaria obra El origen de las especies.<\/p>\n<p>Este libro sigue el trascendental viaje de Darwin a bordo del Beagle y presenta su teor\u00eda de la evoluci\u00f3n a los j\u00f3venes aprendices de naturalistas.<\/p>\n<p><b>Anna Brett<\/b>\u00a0es escritora y editora de literatura infantil. Como autora, sus libros abarcan un amplio abanico de temas y formatos como las ciencias naturales o la cultura popular. Sus libros son llamativos y cuentan con elementos para estimular la imaginaci\u00f3n de los m\u00e1s peque\u00f1os de la casa.<\/p>\n<p>Nick Hayes es un dibujante y escritor brit\u00e1nico. Su producci\u00f3n cuenta con varias novelas gr\u00e1ficas, adem\u00e1s de libros de no-ficci\u00f3n.<\/p>\n<p>Entre sus obras destaca The Book of Trespass.<\/p>\n<div class=\"anclas\"><\/div>\n","protected":false},"featured_media":4731,"comment_status":"open","ping_status":"closed","template":"","meta":{"inline_featured_image":false,"_monsterinsights_skip_tracking":false,"_monsterinsights_sitenote_active":false,"_monsterinsights_sitenote_note":"","_monsterinsights_sitenote_category":0,"site-sidebar-layout":"default","site-content-layout":"default","ast-global-header-display":"","ast-main-header-display":"","ast-hfb-above-header-display":"","ast-hfb-below-header-display":"","ast-hfb-mobile-header-display":"","site-post-title":"","ast-breadcrumbs-content":"","ast-featured-img":"","footer-sml-layout":"","theme-transparent-header-meta":"default","adv-header-id-meta":"","stick-header-meta":"","header-above-stick-meta":"","header-main-stick-meta":"","header-below-stick-meta":""},"product_cat":[38,34],"product_tag":[],"class_list":{"0":"post-4730","1":"product","2":"type-product","3":"status-publish","4":"has-post-thumbnail","6":"product_cat-ciencias","7":"product_cat-libros","8":"desktop-align-left","9":"tablet-align-left","10":"mobile-align-left","12":"first","13":"instock","14":"shipping-taxable","15":"purchasable","16":"product-type-simple"},"_links":{"self":[{"href":"https:\/\/www.viveroecores.cl\/index.php?rest_route=\/wp\/v2\/product\/4730","targetHints":{"allow":["GET"]}}],"collection":[{"href":"https:\/\/www.viveroecores.cl\/index.php?rest_route=\/wp\/v2\/product"}],"about":[{"href":"https:\/\/www.viveroecores.cl\/index.php?rest_route=\/wp\/v2\/types\/product"}],"replies":[{"embeddable":true,"href":"https:\/\/www.viveroecores.cl\/index.php?rest_route=%2Fwp%2Fv2%2Fcomments&post=4730"}],"wp:featuredmedia":[{"embeddable":true,"href":"https:\/\/www.viveroecores.cl\/index.php?rest_route=\/wp\/v2\/media\/4731"}],"wp:attachment":[{"href":"https:\/\/www.viveroecores.cl\/index.php?rest_route=%2Fwp%2Fv2%2Fmedia&parent=4730"}],"wp:term":[{"taxonomy":"product_cat","embeddable":true,"href":"https:\/\/www.viveroecores.cl\/index.php?rest_route=%2Fwp%2Fv2%2Fproduct_cat&post=4730"},{"taxonomy":"product_tag","embeddable":true,"href":"https:\/\/www.viveroecores.cl\/index.php?rest_route=%2Fwp%2Fv2%2Fproduct_tag&post=4730"}],"curies":[{"name":"wp","href":"https:\/\/api.w.org\/{rel}","templated":true}]}}