{"id":4803,"date":"2023-06-27T21:28:35","date_gmt":"2023-06-27T21:28:35","guid":{"rendered":"https:\/\/www.viveroecores.cl\/?post_type=product&#038;p=4803"},"modified":"2025-12-16T11:08:20","modified_gmt":"2025-12-16T14:08:20","slug":"la-vida-secreta-de-los-insectos","status":"publish","type":"product","link":"https:\/\/www.viveroecores.cl\/?product=la-vida-secreta-de-los-insectos","title":{"rendered":"LA VIDA SECRETA DE LOS INSECTOS"},"content":{"rendered":"","protected":false},"excerpt":{"rendered":"<div class=\"filaDetalle\">\n<div class=\"cabeceraDetalle\">EDITORIAL:<\/div>\n<div>DK<\/div>\n<\/div>\n<div class=\"filaDetalle\">\n<div class=\"cabeceraDetalle\">EAN:<\/div>\n<div>9780241469286<\/div>\n<\/div>\n<div class=\"filaDetalle\">\n<div class=\"cabeceraDetalle\">COLECCI\u00d3N:<\/div>\n<div>CONOCIMIENTO<\/div>\n<\/div>\n<div class=\"filaDetalle\">\n<div class=\"cabeceraDetalle\">IDIOMA:<\/div>\n<div>CASTELLANO<\/div>\n<div>\n<p><b>Emb\u00e1rcate en un viaje m\u00e1gico a trav\u00e9s del mundo de los insectos, desde bosques y las cuevas m\u00e1s profundas hasta el fondo del oc\u00e9ano.<\/b><\/p>\n<p>Insectos, ar\u00e1cnidos, gusanos y moluscos se arrastran por las p\u00e1ginas de este colorido libro de insectos, que combina bonitas ilustraciones y fotos para ayudar a los ni\u00f1os y ni\u00f1as entusiastas de los animales a detectar y aprender sobre los principales grupos de insectos. Desde las abejas hasta ara\u00f1as, desde las mariposas hasta los escarabajos, aprender\u00e1n todo sobre el incre\u00edble mundo secreto de los bichos descubriendo c\u00f3mo los insectos ayudan a cuidar nuestro planeta.<\/p>\n<p>Este libro tambi\u00e9n incluye parientes de insectos, como babosas viscosas, ara\u00f1as que tejen telara\u00f1as y ciempi\u00e9s que se escabullen, adem\u00e1s de datos sorprendentes sobre c\u00f3mo se comunican los insectos, compiten por la comida, buscan el amor verdadero y llenan el aire de zumbidos.<\/p>\n<p><i>La vida secreta de los insectos<\/i>, escrito por la experta en insectos\u00a0<b>Jess French<\/b>\u00a0e ilustrado por\u00a0<b>Claire McElfatrick<\/b>, lleva a los m\u00e1s peque\u00f1os a un fascinante viaje de exploraci\u00f3n, mostr\u00e1ndoles cu\u00e1n asombrosos son los bichos, qu\u00e9 hacen por nuestro planeta y c\u00f3mo podemos ayudarlos.<\/p>\n<\/div>\n<\/div>\n","protected":false},"featured_media":4804,"comment_status":"open","ping_status":"closed","template":"","meta":{"inline_featured_image":false,"_monsterinsights_skip_tracking":false,"_monsterinsights_sitenote_active":false,"_monsterinsights_sitenote_note":"","_monsterinsights_sitenote_category":0,"site-sidebar-layout":"default","site-content-layout":"default","ast-global-header-display":"","ast-main-header-display":"","ast-hfb-above-header-display":"","ast-hfb-below-header-display":"","ast-hfb-mobile-header-display":"","site-post-title":"","ast-breadcrumbs-content":"","ast-featured-img":"","footer-sml-layout":"","theme-transparent-header-meta":"default","adv-header-id-meta":"","stick-header-meta":"","header-above-stick-meta":"","header-main-stick-meta":"","header-below-stick-meta":""},"product_cat":[40,34],"product_tag":[],"class_list":{"0":"post-4803","1":"product","2":"type-product","3":"status-publish","4":"has-post-thumbnail","6":"product_cat-flora-y-fauna","7":"product_cat-libros","8":"desktop-align-left","9":"tablet-align-left","10":"mobile-align-left","12":"first","13":"outofstock","14":"shipping-taxable","15":"purchasable","16":"product-type-simple"},"_links":{"self":[{"href":"https:\/\/www.viveroecores.cl\/index.php?rest_route=\/wp\/v2\/product\/4803","targetHints":{"allow":["GET"]}}],"collection":[{"href":"https:\/\/www.viveroecores.cl\/index.php?rest_route=\/wp\/v2\/product"}],"about":[{"href":"https:\/\/www.viveroecores.cl\/index.php?rest_route=\/wp\/v2\/types\/product"}],"replies":[{"embeddable":true,"href":"https:\/\/www.viveroecores.cl\/index.php?rest_route=%2Fwp%2Fv2%2Fcomments&post=4803"}],"wp:featuredmedia":[{"embeddable":true,"href":"https:\/\/www.viveroecores.cl\/index.php?rest_route=\/wp\/v2\/media\/4804"}],"wp:attachment":[{"href":"https:\/\/www.viveroecores.cl\/index.php?rest_route=%2Fwp%2Fv2%2Fmedia&parent=4803"}],"wp:term":[{"taxonomy":"product_cat","embeddable":true,"href":"https:\/\/www.viveroecores.cl\/index.php?rest_route=%2Fwp%2Fv2%2Fproduct_cat&post=4803"},{"taxonomy":"product_tag","embeddable":true,"href":"https:\/\/www.viveroecores.cl\/index.php?rest_route=%2Fwp%2Fv2%2Fproduct_tag&post=4803"}],"curies":[{"name":"wp","href":"https:\/\/api.w.org\/{rel}","templated":true}]}}