{"id":5124,"date":"2025-07-19T13:31:35","date_gmt":"2025-07-19T17:31:35","guid":{"rendered":"https:\/\/www.viveroecores.cl\/?post_type=product&#038;p=5124"},"modified":"2025-08-11T21:13:48","modified_gmt":"2025-08-12T01:13:48","slug":"murta-murtilla","status":"publish","type":"product","link":"https:\/\/www.viveroecores.cl\/?product=murta-murtilla","title":{"rendered":"Murta o Murtilla"},"content":{"rendered":"","protected":false},"excerpt":{"rendered":"<ul class=\"info-ficha\">\n<li class=\"tax-familia\"><b>Familia:<\/b>\u00a0Myrtaceae<\/li>\n<li class=\"tax-genero\"><b>G\u00e9nero:<\/b>\u00a0Ugni<\/li>\n<li class=\"tax-especie\"><b>Especie:<\/b>\u00a0molinae<\/li>\n<li class=\"tax-autor\"><b>Autor:<\/b>\u00a0<span class=\"text-capitalize\">Turcz. 1848<\/span><\/li>\n<li class=\"tax-comun\"><b>Nombre com\u00fan:<\/b>\u00a0<span class=\"text-capitalize\">U\u00f1i<br \/>\nMurtilla<br \/>\nMurta<br \/>\n<\/span><\/li>\n<li class=\"tax-sinonimo\"><b>Sin\u00f3nimo:<\/b>\u00a0<span class=\"text-capitalize\">Myrtus Ugni Molina<br \/>\nUgni Philippii O. Berg<br \/>\n<\/span><\/li>\n<li class=\"tax-crecimiento\"><b>Forma de crecimiento:<\/b>\u00a0Arbusto<\/li>\n<li class=\"tax-origen\"><b>Origen:<\/b>\u00a0Nativa<\/li>\n<li class=\"tax-distribucion\"><b>Distribuci\u00f3n por regiones:<\/b><br \/>\nV &#8211; Valpara\u00edso<br \/>\nVI &#8211; O&#8217;Higgins<br \/>\nVII &#8211; Maule<br \/>\nVIII &#8211; Biob\u00edo<br \/>\nIX &#8211; Araucan\u00eda<br \/>\nXIV &#8211; Los R\u00edos<br \/>\nX &#8211; Los Lagos<br \/>\nXI &#8211; Ays\u00e9n<br \/>\nXII \u2013 Magallanes<br \/>\nJuan Fern\u00e1ndez<\/li>\n<\/ul>\n<div class=\"wpb_text_column wpb_content_element \">\n<div class=\"wpb_wrapper\"><\/div>\n<\/div>\n<div class=\"wpb_text_column wpb_content_element \">\n<div class=\"wpb_wrapper\">\n<p><b>Observaciones:<\/b><\/p>\n<p>Alcanza 2,5 m. Ramas erectas, hojosas. Hojas ovadas de \u00e1pice agudo y m\u00e1rgen\u00a0a veces\u00a0revoluto,\u00a0cori\u00e1ceas, algo glandulosas. Flores generalmente con 5 p\u00e9talos rosado p\u00e1lido, carnosos, fragantes, a fines de primavera y verano. Estambres cortos, 20 a 60. Fruto una baya de 1 cm de di\u00e1metro, rojo oscuro,\u00a0muy perfumada,\u00a0comestible, muy apreciado para licores, dulces y conservas, en oto\u00f1o.<\/p>\n<p>Crece al sol, en lugares tanto secos como h\u00famedos. Hacia el norte es mas ralo, hacia el sur es mucho mas denso.<\/p>\n<p>Introducida\u00a0en el archipi\u00e9lago de Juan Fernandez donde\u00a0se comporta como\u00a0invasor.<\/p>\n<\/div>\n<\/div>\n","protected":false},"featured_media":5125,"comment_status":"open","ping_status":"closed","template":"","meta":{"inline_featured_image":false,"_monsterinsights_skip_tracking":false,"_monsterinsights_sitenote_active":false,"_monsterinsights_sitenote_note":"","_monsterinsights_sitenote_category":0,"site-sidebar-layout":"default","site-content-layout":"default","ast-global-header-display":"","ast-main-header-display":"","ast-hfb-above-header-display":"","ast-hfb-below-header-display":"","ast-hfb-mobile-header-display":"","site-post-title":"","ast-breadcrumbs-content":"","ast-featured-img":"","footer-sml-layout":"","theme-transparent-header-meta":"default","adv-header-id-meta":"","stick-header-meta":"","header-above-stick-meta":"","header-main-stick-meta":"","header-below-stick-meta":""},"product_cat":[44,42,36],"product_tag":[],"class_list":{"0":"post-5124","1":"product","2":"type-product","3":"status-publish","4":"has-post-thumbnail","6":"product_cat-arbustos","7":"product_cat-plantas-nativas","8":"product_cat-productos-destacados","9":"desktop-align-left","10":"tablet-align-left","11":"mobile-align-left","13":"first","14":"outofstock","15":"shipping-taxable","16":"purchasable","17":"product-type-simple"},"_links":{"self":[{"href":"https:\/\/www.viveroecores.cl\/index.php?rest_route=\/wp\/v2\/product\/5124","targetHints":{"allow":["GET"]}}],"collection":[{"href":"https:\/\/www.viveroecores.cl\/index.php?rest_route=\/wp\/v2\/product"}],"about":[{"href":"https:\/\/www.viveroecores.cl\/index.php?rest_route=\/wp\/v2\/types\/product"}],"replies":[{"embeddable":true,"href":"https:\/\/www.viveroecores.cl\/index.php?rest_route=%2Fwp%2Fv2%2Fcomments&post=5124"}],"wp:featuredmedia":[{"embeddable":true,"href":"https:\/\/www.viveroecores.cl\/index.php?rest_route=\/wp\/v2\/media\/5125"}],"wp:attachment":[{"href":"https:\/\/www.viveroecores.cl\/index.php?rest_route=%2Fwp%2Fv2%2Fmedia&parent=5124"}],"wp:term":[{"taxonomy":"product_cat","embeddable":true,"href":"https:\/\/www.viveroecores.cl\/index.php?rest_route=%2Fwp%2Fv2%2Fproduct_cat&post=5124"},{"taxonomy":"product_tag","embeddable":true,"href":"https:\/\/www.viveroecores.cl\/index.php?rest_route=%2Fwp%2Fv2%2Fproduct_tag&post=5124"}],"curies":[{"name":"wp","href":"https:\/\/api.w.org\/{rel}","templated":true}]}}